4, what is -5 - 4ab?
-4b2
In base 5, what is 202 + -123?
24
In base 8, what is 615 + -20?
575
In base 12, what is 9 - 26?
-19
In base 12, what is 2 - 8?
-6
In base 6, what is -44 - -2?
-42
In base 16, what is 5 - -120?
125
In base 11, what is 9 - -402?
410
In base 5, what is 421431 - 2?
421424
In base 9, what is 6871 + 3?
6874
In base 4, what is -11030 + 1?
-11023
In base 14, what is 11a + c?
128
In base 12, what is -8 + 28?
20
In base 11, what is -31 + -56?
-87
In base 3, what is 210 - 12121?
-11211
In base 16, what is 28c + 4?
290
In base 4, what is -13321 - 1?
-13322
In base 8, what is -7 - -22?
13
In base 16, what is -69 + -3?
-6c
In base 5, what is -2 - -300?
243
In base 6, what is 41 + 11?
52
In base 8, what is 23335 - 3?
23332
In base 3, what is -10 - -210?
200
In base 15, what is -bc + -5?
-c2
In base 11, what is 5 - -214?
219
In base 6, what is -11 + -23023?
-23034
In base 16, what is -17d - -20?
-15d
In base 10, what is 0 + -2335?
-2335
In base 7, what is -2064 - -3?
-2061
In base 6, what is 4052 + 44?
4140
In base 9, what is 0 + -117?
-117
In base 5, what is -2101440 + 2?
-2101433
In base 2, what is -1001000101000 - 101?
-1001000101101
In base 11, what is -281 - 3?
-284
In base 13, what is -1a75 - 4?
-1a79
In base 5, what is -10 - -220?
210
In base 6, what is 102 + -14?
44
In base 2, what is 11 - -100100?
100111
In base 6, what is -4 - 1?
-5
In base 16, what is 68 + 1?
69
In base 14, what is 1 - -1d5?
1d6
In base 8, what is -23 - 26?
-51
In base 4, what is -12 + -23010?
-23022
In base 2, what is -1100101011 - 101?
-1100110000
In base 9, what is -45385 - 5?
-45401
In base 6, what is -1 + 12?
11
In base 11, what is 1 - -90?
91
In base 3, what is -1 - 10201?
-10202
In base 14, what is -1cc - 0?
-1cc
In base 11, what is -988 + 0?
-988
In base 13, what is 5 + -9?
-4
In base 14, what is 92 + 0?
92
In base 11, what is 3 + -1995?
-1992
In base 11, what is a4 + -46?
59
In base 13, what is 6 + -89?
-83
In base 9, what is 2 + 426?
428
In base 9, what is 58 + 15?
74
In base 7, what is -4 + -243?
-250
In base 3, what is -1021 + -100212?
-102010
In base 11, what is -16 - 310?
-326
In base 4, what is 3 + 13102?
13111
In base 10, what is 1 - -1500?
1501
In base 15, what is 1 - -10?
11
In base 5, what is -124 - -2?
-122
In base 14, what is 7 + 246?
24d
In base 4, what is 0 - -10010?
10010
In base 3, what is -10122 + 122?
-10000
In base 6, what is -111022 - -5?
-111013
In base 14, what is cc5 + 7?
ccc
In base 7, what is -10 - -210?
200
In base 15, what is -15 + 8?
-c
In base 15, what is -33d + -2?
-340
In base 15, what is -7 + 442?
43a
In base 2, what is 1100011 + -101?
1011110
In base 9, what is -157 + -8?
-166
In base 2, what is 10 - -10011111010?
10011111100
In base 12, what is 1b + 16?
35
In base 14, what is -319 + 4?
-315
In base 8, what is -14 + 1?
-13
In base 16, what is -60 - 3?
-63
In base 8, what is -5 - 15346?
-15353
In base 3, what is 10 + 20112?
20122
In base 9, what is 3 + -44?
-41
In base 15, what is 1 + 17?
18
In base 10, what is 1 + 637?
638
In base 13, what is -2b6 - 5?
-2bb
In base 15, what is -1444 - 2?
-1446
In base 11, what is -12 + -476?
-488
In base 15, what is 23 + 67?
8a
In base 7, what is 16540 - 0?
16540
In base 5, what is -104 - 4?
-113
In base 15, what is 39 - 3?
36
In base 9, what is 0 - 170?
-170
In base 6, what is 4 + -1421?
-1413
In base 2, what is -101010 - 11000?
-1000010
In base 3, what is 12 - -102221201?
102221220
In base 8, what is 3642 - 5?
3635
In base 15, what is -ec9 + -4?
-ecd
In base 4, what is -2 - -1222?
1220
In base 9, what is -4178 + -3?
-4182
In base 15, what is 2 + 134?
136
In base 3, what is 102021 - -202?
110000
In base 5, what is 3 + 230?
233
In base 5, what is 10 + 20403?
20413
In base 7, what is -1 + -2310?
-2311
In base 7, what is -522 + 4?
-515
In base 2, what is -1010101100000 + 11?
-1010101011101
In base 5, what is 2 + 240?
242
In base 13, what is 18 + c?
27
In base 12, what is 614 + -5?
60b
In base 4, what is 2100 + -1?
2033
In base 9, what is 1 - -5?
6
In base 16, what is -5 - -6f3?
6ee
In base 11, what is -1 - 37?
-38
In base 13, what is -304 + 2?
-302
In base 9, what is 3 + 205?
208
In base 2, what is -1 - -1111110?
1111101
In base 13, what is 0 + 4c9?
4c9
In base 10, what is 27754 + 2?
27756
In base 14, what is 22 - 25?
-3
In base 15, what is -2b + -9?
-35
In base 5, what is -1024 - 1124?
-2203
In base 14, what is 0 - 1c76?
-1c76
In base 8, what is -12 - 750?
-762
In base 3, what is -10 - 12001120?
-12001200
In base 12, what is -192 + -4?
-196
In base 2, what is -11 + 10000101?
10000010
In base 12, what is -13 + -31?
-44
In base 11, what is 11207 - -3?
1120a
In base 8, what is 52 - 24?
26
In base 8, what is 27 + -367?
-340
In base 13, what is c - -218?
227
In base 15, what is 5 - c4?
-be
In base 9, what is -1 - 75?
-76
In base 3, what is -12 + 1012220?
1012201
In base 12, what is -540 + -7?
-547
In base 9, what is -343 + 2?
-341
In base 9, what is 27 - -3?
31
In base 15, what is 2 - -b7c?
b7e
In base 13, what is -1528 - -1?
-1527
In base 10, what is -6 - -504?
498
In base 16, what is -22 - -70?
4e
In base 16, what is -90 - 7?
-97
In base 6, what is 2115 - -11?
2130
In base 7, what is 6 + 2605?
2614
In base 3, what is 1102 - -220?
2022
In base 9, what is -4 - -340?
335
In base 6, what is -241 + -2?
-243
In base 5, what is -2 + -30012?
-30014
In base 5, what is -33031 + -1?
-33032
In base 14, what is -29 + -d2?
-11b
In base 5, what is 20 - -30330?
30400
In base 13, what is -8 - -c?
4
In base 13, what is 104 - -6?
10a
In base 14, what is 412 - -3?
415
In base 6, what is 2 - 225?
-223
In base 5, what is 1032 + 3?
1040
In base 2, what is 11 + 1001110?
1010001
In base 11, what is -1 + -419?
-41a
In base 11, what is 2 + -13a?
-138
In base 9, what is -11 - -2787?
2776
In base 15, what is -3 + -157?
-15a
In base 5, what is 1013 + 1134?
2202
In base 9, what is -121 + 108?
-12
In base 15, what is -3 - -c83?
c80
In base 14, what is -2c - -15?
-17
In base 7, what is 31 - -3?
34
In base 11, what is -7 - 4?
-10
In base 15, what is -5 + 8b?
86
In base 12, what is 231 - -19?
24a
In base 8, what is 73272 + -2?
73270
In base 11, what is -74 + a?
-65
In base 2, what is 1111010101 - -101?
1111011010
In base 11, what is -2875 - -5?
-2870
In base 13, what is -5 + -1b?
-23
In base 3, what is -12 + -111102?
-111121
In base 12, what is -4 + 32?
2a
In base 5, what is -44 + 41?
-3
In base 14, what is 12 + -3?
d
In base 2, what is 1 - 1000111?
-1000110
In base 3, what is -11 - 10010010?
-10010021
In base 9, what is 7241 + 3?
7244
In base 6, what is 40 - 11?
25
In base 12, what is -23a + -5?
-243
In base 9, what is 1313 - -7?
1321
In base 8, what is 5 + 176?
203
In base 2, what is -1 - -111000111110?
111000111101
In base 12, what is 1437 - -11?
1448
In base 16, what is 7b1 + 1?
7b2
In base 5, what is 0 + -100033?
-100033
In base 7, what is 153 + -41?
112
In base 9, what is 4541 + 0?
4541
In base 12, what is -139 - 13?
-150
In base 5, what is -4 + 404?
400
In base 4, what is -1 - -131002?
131001
In base 16, what is 5 + -17?
-12
In base 6, what is 3140 - 3?
3133
In base 10, what is -88 - -142?
54
In base 12, what is -180 + 4?
-178
In base 16, what is -12 + 1a?
8
In base 13, what is 22 + -6?
19
In base 16, what is 8 + -c6?
-be
In base 3, what is 12 + -201?
-112
In base 12, what is -b1 + -3?
-b4
In base 4, what is -111 - -23?
-22
In base 4, what is 1000 + 101?
1101
In base 16, what is -f + 3b0?
3a1
In base 4, what is -30 - 330?
-1020
In base 3, what is -2 - 1111011?
-1111020
In base 15, what is -39 + 8?
-31
In base 12, what is -a3 + -5?
-a8
In base 6, what is 5 - -314?
323
In base 12, what is 4 + -3?
1
In base 15, what is 111a - 0?
111a
In base 16, what is -1 + -b?
-c
In base 5, what is -2 + 1021?
1014
In base 7, what is -4 - 4361?
-4365
In base 9, what is 127 - 35?
82
In base 9, what is -1 - -6?
5
In base 4, what is -3 + 13?
10
In base 9, what is -486 + 5?
-481
In base 4, what is 20 - 3013?
-2333
In base 10, what is 0 + 26?
26
In base 15, what is -10bd + 3?
-10ba
In base 7, what is -32 - -102?
40
In base 12, what is 216 + -14?
202
In base 13, what is -16a - 5?
-172
In base 6, what is 204 - 50?
114
In base 7, what is -20 + -31?
-51
In base 12, what is -a + 42?
34
In base 6, what is 335 + 213?
552
In base 10, what 